Suppose 4*x - 138335 = -5*c, -38*x + 41*x - 26*c - 103543 = 0. List the prime factors of x.
3, 5, 461
List the prime factors of 5561601/501 - (-1*2 + 2 - -3).
2, 31, 179
Let a be (10 - 1189)*2/(-3). Let y be -6 - (-29)/((-145)/(-1650)). Suppose 4*r = -2*b + 6*r + y, -5*b - 3*r + a = 0. List the prime factors of b.
3, 53
Suppose 4*l - 149428 = 4*c, -6*l + c + 142116 = -82041. List the prime factors of l.
2, 5, 467
Let v(c) = c**2 + 20*c - 66. Let o be v(-23). Suppose 4395 = 5*w - o*p, -p = w - 0*p - 879. What are the prime factors of w?
3, 293
Let k be 3/((-394)/66 + 6). Let s be -3 - (-1)/((-1)/(-3)). Suppose -z = -s*z - k. What are the prime factors of z?
3, 11
Let z = 20039 - 13954. What are the prime factors of z?
5, 1217
Let g(p) = 6*p - 44. Let z be g(5). Let l = z + 60. What are the prime factors of l?
2, 23
Suppose -128 + 450 = 2*u. Let f = 406 - u. What are the prime factors of f?
5, 7
Suppose -v + 5*j = -11577 + 518, -4*j - 20 = 0. What are the prime factors of v?
2, 3, 613
Let x be 3 - ((-20300)/16 + 12/16). Let z be ((-1724)/(-16))/(1/4). Suppose 6*g = x - z. What are the prime factors of g?
2, 5, 7
Let y(z) = 3257*z**2 + z - 2. Let p be (-2)/12*6/(-1). Let i be y(p). What are the prime factors of (i/66)/(2/3)?
2, 37
Let r = -36858 - -73691. What are the prime factors of r?
36833
Suppose -f + 37*b + 11426 = 35*b, 3*b - 34305 = -3*f. List the prime factors of f.
2, 1429
Let m(l) = 865*l**2 + 1210*l + 13. What are the prime factors of m(4)?
3, 31, 67
Suppose 36*a - 621568 = 267668 + 269064. What are the prime factors of a?
3, 5, 11, 13
Suppose -2*h = -2*i + 7*i - 316, 3*h + 115 = 2*i. Suppose 9*t - i = 334. What are the prime factors of t?
2, 11
Let l(v) = 3*v + 3. Let g be l(0). Suppose p - g - 21 = 0. Let r = 2 + p. What are the prime factors of r?
2, 13
Let z be 3078/9 - (-4)/2. Let c = z + 14. What are the prime factors of c?
2, 179
Let g = -14921 - -21243. What are the prime factors of g?
2, 29, 109
Let b = 8194 - 23773. List the prime factors of b/(-45) - (-1)/(-5).
2, 173
Let j = -58961 - -103719. What are the prime factors of j?
2, 7, 23, 139
Let v = 6632 + -6645. Let w(z) = -z**2 - 14*z + 20. Let y(t) = t**2 + 15*t - 21. Let f(i) = -2*w(i) - 3*y(i). What are the prime factors of f(v)?
3, 5
Suppose 16320 = 10*i - 22878 - 38122. List the prime factors of i.
2, 1933
Let l = 5152 - 3036. List the prime factors of l.
2, 23
Suppose 231*q - 276085 = 6513236. List the prime factors of q.
3, 97, 101
Suppose -24 - 12 = -6*l. Let c be 260/39 + (-4)/l. Suppose -c*n - 808 = -10*n. List the prime factors of n.
2, 101
Suppose -r - 2*k = -10527, -87*r + 31567 = -84*r - k. List the prime factors of r.
17, 619
Let o(a) = -8*a**2 + 8. Let u be o(2). Let x = -8 + -2. Let j = x - u. List the prime factors of j.
2, 7
Suppose -21*o - 3727 + 5856 = -10597. What are the prime factors of o?
2, 3, 101
Suppose -v - 5*v = -0*v. Let c(i) be the third derivative of -i**4/24 + 157*i**3/6 + 3*i**2. What are the prime factors of c(v)?
157
Let w(u) be the second derivative of -10*u**3 - u**2 + 35*u + 2. List the prime factors of w(-4).
2, 7, 17
Suppose -3*s = -46*x + 51*x - 21941, -5*x + 3*s = -21929. Suppose 0 = 4*w - 3*r - x, -3*w - 3*r + r = -3269. List the prime factors of w.
1093
Let z = -2944 + 13823. List the prime factors of z.
11, 23, 43
Suppose -2*m + 10*m + 23*m = 0. Suppose m = -2*f + 8*f - 2298. List the prime factors of f.
383
Suppose -3*c = -0*c - 5313. Let r = c - 900. Suppose -5*s = -4*q + r, -2*s + 4*s = 2. What are the prime factors of q?
3, 73
Let x(t) = 36*t**2 - 19*t + 40. Let m be x(10). Suppose 5*v = m - 410. What are the prime factors of v?
2, 19
Let m be (-19)/(1710/81800) + 1/(-9). Let a = -649 - m. What are the prime factors of a?
2, 5, 13
Let l = 9415 - 5963. List the prime factors of l.
2, 863
Let s = 1136 + 91. Suppose 934 = 3*b + 2*o, -8*b = -4*b - o - s. What are the prime factors of b?
2, 7, 11
Let h(y) = 99*y**2 - 19*y - 80. List the prime factors of h(12).
2, 11, 317
Let d = -3819 + 5556. Let s = d - 1212. List the prime factors of s.
3, 5, 7
Let s = 19 - 19. Suppose -v = -366 - s. What are the prime factors of v?
2, 3, 61
Let d(q) = 6*q - 17. Let u be d(13). Suppose -2*b = -b - 4. Suppose j - u = -c - 0*j, 0 = b*c - 4*j - 252. What are the prime factors of c?
2, 31
Let x = -51015 + 73327. List the prime factors of x.
2, 2789
Let g be ((-8)/6)/((-26)/117). Suppose -g*a = 23*a - 10266. List the prime factors of a.
2, 3, 59
Let q(r) = -r**2 + 5*r - 12. Let t be q(3). What are the prime factors of t/9 - (-431)/3?
11, 13
Suppose 37875 = 5*k - v, -40*k - 5*v = -39*k - 7601. List the prime factors of k.
2, 947
Let h(b) = -2*b**3 - b**2 + 2*b - 3. Let l be 0/(-3) - (3 + -5). Let c = l + -6. List the prime factors of h(c).
101
Suppose -1634*o + 1637*o = 21042. List the prime factors of o.
2, 3, 7, 167
Suppose -10 + 60 = 5*u. Let c = -30 - u. List the prime factors of (-256)/c*(-5)/(-2).
2
Suppose 117*g = -30*g + 560070. What are the prime factors of g?
2, 3, 5, 127
Let v = 44119 + -17673. List the prime factors of v.
2, 7, 1889
Let d = -96 - -274. Let z = 113 + d. Suppose -5*n + z = 3*p, -3*p - n + 303 = -0*p. What are the prime factors of p?
2, 3, 17
Suppose -5*g - 5*r = -4*r - 7714, 0 = -r - 1. Suppose 2*u + 3*b = g, 0 = -3*u - 82*b + 85*b + 2322. List the prime factors of u.
773
Let j(q) = 4*q**2 + 4*q - 6. Let l(x) = x**2 + x - 1. Let a(d) = -j(d) + 5*l(d). Let b be a(-3). List the prime factors of (b + 3)*((-69)/(-5) - 1).
2
Let n be 4/6*(-660)/(-88). Suppose 3*j + n*x = 1415, j = 4*x + 353 + 96. List the prime factors of j.
3, 5, 31
Let f = -3488 - -5040. Suppose 2*l + 5*y - f - 281 = 0, 3*l = 3*y + 2697. What are the prime factors of l?
2, 113
Let b = 139 - 133. Let i be -2 + 5 + (5 - b). Suppose -i*r = r - 276. What are the prime factors of r?
2, 23
Let c(g) = 15*g**2 + 2*g + 2. Let b be c(-1). Let z(a) = 3 - 20*a**3 + 23*a + 7*a**2 - 2*a**2 - b*a. What are the prime factors of z(-2)?
167
Let c = 171 + -272. Let x = c - -100. What are the prime factors of ((-15)/(-5) + -153)/x?
2, 3, 5
Suppose 93*w - 2089839 = 23*w + 4696941. List the prime factors of w.
2, 3, 11, 13, 113
Suppose 13992*j = 13960*j + 978048. What are the prime factors of j?
2, 3, 283
Suppose -2*o + 6 = -y, 3*y = -0*y - 4*o + 12. Suppose y = 2*c + z - 10, 16 = 5*c + z - 9. Let v(i) = i**3 - 4*i**2 - 6. What are the prime factors of v(c)?
19
Let r be (-222)/(-42) - 6/21. Let z(n) = n**3 - 3*n**2 - 4*n - 12. Let x be z(r). What are the prime factors of 4/x + 291/27?
11
Suppose 5 = 3*r - 49. Suppose -r = -14*g + 5*g. Suppose -18 = g*t - 204. What are the prime factors of t?
3, 31
Let u(s) = -18*s - 122. Let y be u(-7). Suppose 4*c - 9*l - 1836 = -4*l, -3*c - y*l + 1408 = 0. List the prime factors of c.
2, 29
Let g = -59 + 63. Suppose -527 = 2*z - g*z - 3*f, 4*z - 4*f = 1024. What are the prime factors of z?
7, 37
Let d(n) = 13*n + 62. Let y be d(-5). Let p = y + -2. What are the prime factors of 66*1 - (p - -4)?
67
Let y(u) = u**3 - 2*u**2 - u + 1. Let w be y(2). Let j be (-2)/((3 + 28/(-12))/w). List the prime factors of 3*((-1)/3 + j).
2
Suppose 449 = -10*t + 79. Let l(v) = v**2 + 31*v - 46. What are the prime factors of l(t)?
2, 11
Let k = -42 - -17. Suppose -3*x + 291 = 75. Let y = x - k. What are the prime factors of y?
97
Let k be (6 - 256/40)/((-2)/100). Let u(f) = -f**3 + 19*f**2 + 20*f + 101. What are the prime factors of u(k)?
101
Let a(b) = 967*b**2 + 48*b - 282. What are the prime factors of a(5)?
24133
Let h = -827 + 7303. What are the prime factors of h?
2, 1619
List the prime factors of (15 + -18)/((-2)/20998).
3, 10499
What are the prime factors of 185488/32*(56/8 - 5)?
11593
Let q(u) = 3786*u - 897. What are the prime factors of q(4)?
3, 1583
Suppose -85 - 67 = -4*c. Suppose -4*v + 278 - c = 0. Suppose 0 = v*a - 56*a - 96. What are the prime factors of a?
2, 3
Let v = 12692 + -8846. What are the prime factors of v?
2, 3, 641
Suppose -102*w + 303779 = -32*w - 267001. List the prime factors of w.
2, 3, 151
Suppose 5*g - v - 204487 = 0, 0 = 4*g - 20*v + 17*v - 163605. What are the prime factors of g?
2, 3, 71
Suppose 2*x = -58*a + 60*a + 16032, 5*x - 3*a - 40064 = 0. List the prime factors of x.
2, 7, 11, 13
Let t(h) = -h**2 - 13*h - 18. Let o 